rmine o(10).
112
Let o(g) = g**2 + 4*g + 2. Determine o(-2).
-2
Let g(x) = -x + 23. Determine g(-4).
27
Let n(m) = m**3 - 4*m**2 + 4*m - 8. Calculate n(4).
8
Let k(t) = -6*t + 15. Give k(0).
15
Let v(a) = -7*a + 104. Give v(6).
62
Let n(m) = m**2 + 9*m + 6. What is n(-8)?
-2
Let x(n) = 5*n + 57. Calculate x(-2).
47
Let i(f) = f**2 - 2*f + 5. Determine i(3).
8
Let a(f) = 4*f - 177. Give a(33).
-45
Let l(y) = -y - 1. Determine l(-1).
0
Let w(f) = f**2 - 10*f + 10. What is w(5)?
-15
Let s(d) = -5*d - 2. Give s(1).
-7
Let q(m) = m**3 + m**2 - 4. Give q(-3).
-22
Let k(t) = -t + 16. Determine k(8).
8
Let y(n) = 2*n**2 - 24*n + 27. What is y(11)?
5
Let v(h) = -h**3 - 9. Give v(0).
-9
Let f(l) = 16*l + 373. Give f(-23).
5
Let n(j) = j**3 + 21*j**2 - 22*j - 9. Determine n(-22).
-9
Let b(j) = -j**3 + 4*j**2 + 3*j - 24. Calculate b(4).
-12
Let d(z) = -z**2 - 13*z + 39. Give d(-16).
-9
Let x(r) = -r**2. Determine x(0).
0
Let m(t) = -t**2 + 28*t - 46. Calculate m(26).
6
Let t(b) = 7*b - 95. What is t(22)?
59
Let g(m) = -3*m + 43. Give g(19).
-14
Let r(o) = 33*o**2 + 1. Calculate r(1).
34
Let l(c) = 9*c - 225. Determine l(28).
27
Let y(q) = -16*q + 8. Give y(1).
-8
Let p(c) = -3*c**2 - 26*c - 57. Give p(-2).
-17
Let d(f) = 5*f + 2. Calculate d(-5).
-23
Let x(i) = 2*i**2 + 34*i - 15. What is x(-18)?
21
Let y(z) = z**2 + 12*z + 17. Give y(-4).
-15
Let b(u) = 2*u + 19. Give b(-8).
3
Let g(l) = 6*l + 9. Determine g(-5).
-21
Let u(i) = -18*i - 2. Determine u(-3).
52
Let d(k) = -k**2 + 5*k + 1. Determine d(5).
1
Let w(f) = 14*f + 5. Give w(-2).
-23
Let b(n) = n - 7. Give b(10).
3
Let z(l) = -18*l - 8. Calculate z(-2).
28
Let b(i) = 2*i - 86. Calculate b(41).
-4
Let d(k) = k**3 - 17*k**2 - 19*k + 26. Determine d(18).
8
Let s(h) = h**3 - 2*h**2 + 14*h - 49. What is s(3)?
2
Let t(f) = -2*f**2 - 7*f. Calculate t(-5).
-15
Let p(a) = 6*a**3 + 6*a - 5. Determine p(1).
7
Let s(a) = a**2 - 8*a + 1. Calculate s(6).
-11
Let j(t) = t - 14. Give j(2).
-12
Let p(m) = -27*m - 5. Determine p(-4).
103
Let c(t) = 5*t + 3. Calculate c(-4).
-17
Let s(m) = -3*m**2 + 3*m + 1. Determine s(-4).
-59
Let g(l) = l**2 - 12*l + 13. Calculate g(8).
-19
Let k(g) = -g**2 + 17*g. Determine k(17).
0
Let d(t) = -t**3 - 6*t**2 + 3*t - 17. Calculate d(-7).
11
Let a(j) = -j**3 - 5*j**2 - 7*j - 37. Determine a(-5).
-2
Let p(h) = 2*h - 3. Determine p(2).
1
Let w(s) = s**2 + 35*s + 249. What is w(-24)?
-15
Let w(k) = -k**2 + 12*k + 11. Determine w(12).
11
Let y(s) = -s**2 - 15*s - 13. What is y(-13)?
13
Let o(n) = 5*n**2 + 3*n + 15. Give o(-5).
125
Let i(u) = u**3 + 8*u**2 + 6*u - 4. Give i(-7).
3
Let c(a) = -a**2 - 3*a + 139. Determine c(10).
9
Let n(q) = 2*q**2 - 6*q - 4. Determine n(5).
16
Let j(o) = 11*o - 332. Determine j(30).
-2
Let d(r) = 8*r + 31. Calculate d(-6).
-17
Let x(d) = d**3 + 5*d**2 - 15*d - 1. What is x(-7)?
6
Let n(g) = -3*g - 45. Determine n(-10).
-15
Let d(v) = -4*v - 6. What is d(2)?
-14
Let i(s) = 30*s**2 - 10*s + 8. Give i(1).
28
Let p(c) = -c**2 + 4. Give p(3).
-5
Let b(n) = n + 24. Give b(-20).
4
Let d(n) = -n**3 + 8*n**2 - 8*n + 12. Calculate d(7).
5
Let n(w) = -w**2 - 11*w - 12. Determine n(-10).
-2
Let u(s) = s**3 + 4*s**2 - 7. Determine u(-4).
-7
Let f(h) = h - 2. Determine f(0).
-2
Let w(a) = -a - 1. Calculate w(2).
-3
Let r(n) = -2*n**2 + 18*n + 1. What is r(10)?
-19
Let a(y) = -y**3 - y + 11. Determine a(0).
11
Let r(b) = b**2 + 3*b - 7. Determine r(-5).
3
Let g(p) = -p - 1. Determine g(0).
-1
Let y(x) = 5*x - 17. Calculate y(8).
23
Let j(q) = -2*q**2 - 36*q - 9. Calculate j(-18).
-9
Let a(v) = -7*v**2 - 2*v - 2. Determine a(-1).
-7
Let t(n) = -n**2 + 12*n + 7. What is t(5)?
42
Let s(x) = x**2 + 10*x - 19. Calculate s(-12).
5
Let h(x) = -x**3 + 8*x**2 - 9*x + 6. Calculate h(7).
-8
Let d(l) = l**3 + 12*l**2 + 2*l - 1. Determine d(-12).
-25
Let a(q) = 6*q + 1. Calculate a(1).
7
Let m(g) = -7*g + 19. Calculate m(-4).
47
Let t(g) = 43*g**2 - 1. What is t(1)?
42
Let z(r) = 39*r + 307. Give z(-8).
-5
Let s(u) = u**3 - 8*u**2 + 9*u - 5. Give s(7).
9
Let h(l) = l**3 - 3*l**2 - 2*l - 5. Determine h(4).
3
Let r(g) = g**3 + 8*g**2 - 12*g - 31. Give r(-8).
65
Let r(h) = h**3 + 16*h**2 + 13*h - 16. Determine r(-15).
14
Let u(x) = 2*x**2 - 19*x + 7. What is u(10)?
17
Let g(z) = z**3 - 15*z**2 - 15*z - 10. What is g(16)?
6
Let k(d) = d**3 + 5*d**2 + 6*d + 4. Give k(-3).
4
Let o(g) = 15*g**2 - 5*g + 4. Calculate o(3).
124
Let o(q) = -2*q - 21. Calculate o(-12).
3
Let w(g) = 7*g**3 + 38*g**2 + 15*g + 2. Calculate w(-5).
2
Let k(f) = -f**2 + 15*f - 52. Determine k(8).
4
Let c(i) = i + 45. Calculate c(0).
45
Let f(r) = -2*r**2 + 8. Give f(6).
-64
Let k(a) = a**3 + 5*a**2 + 2*a - 1. Calculate k(-4).
7
Let z(c) = -c**2 + c - 23. Calculate z(-6).
-65
Let b(c) = -c**2 - 22*c - 25. Give b(-20).
15
Let u(b) = -b**2 + 11*b - 7. What is u(10)?
3
Let y(p) = p**2 - 7*p - 21. What is y(9)?
-3
Let w(j) = -42*j**2 - j + 1. Give w(-1).
-40
Let b(s) = -2*s**2 - 45*s + 145. What is b(3)?
-8
Let b(j) = 134*j + 273. What is b(-2)?
5
Let o(k) = 12*k - 30. Give o(3).
6
Let v(g) = 2*g**3 - 3*g**2 + 2*g - 1. Determine v(2).
7
Let n(d) = -d**3 - 3*d**2 + 2*d - 2. Give n(-4).
6
Let m(c) = c**3 + 5*c**2 - 23*c - 30. Give m(-6).
72
Let k(d) = 16*d**2 + 7*d - 6. Calculate k(1).
17
Let w(d) = -d**2 + 3*d + 42. Calculate w(-6).
-12
Let o(j) = -j**2 + 3*j. Give o(3).
0
Let j(u) = -u**2 + 16*u + 16. Give j(17).
-1
Let z(q) = -12*q**2 - 110*q - 8. Calculate z(-9).
10
Let i(u) = -2*u + 9. Give i(7).
-5
Let x(z) = -z**3 + 5*z**2 - 6*z + 6. Give x(5).
-24
Let o(i) = 2*i**2 + 12*i + 13. What is o(-6)?
13
Let f(x) = x + 5. Give f(13).
18
Let b(w) = -w**3 - 6*w**2 - 4*w - 7. What is b(-2)?
-15
Let n(d) = d**2 - 6*d - 2. Give n(0).
-2
Let g(m) = -m**3 - 7*m**2 - 11*m - 3. Determine g(-5).
2
Let d(l) = -13*l + 25. Determine d(2).
-1
Let m(w) = -10*w + 184. What is m(0)?
184
Let j(c) = 12*c + 62. What is j(-5)?
2
Let x(w) = -w + 2. Determine x(-12).
14
Let a(s) = -s + 20. Determine a(11).
9
Let i(v) = -9*v + 83. Calculate i(8).
11
Let o(q) = -8*q + 4. Determine o(5).
-36
Let y(t) = 2*t**2 + 20*t + 18. Determine y(-13).
96
Let w(n) = 6*n + 9. Determine w(-8).
-39
Let m(x) = -x**3 + 2*x**2 + 2*x - 4. Determine m(3).
-7
Let x(i) = 40*i - 3. Determine x(2).
77
Let q(j) = -3*j**2 + 3*j - 2. Determine q(2).
-8
Let o(j) = j**2 + 19*j + 12. Give o(-18).
-6
Let n(v) = 13*v + 34. Give n(-2).
8
Let l(q) = -q**2 - 25*q - 146. Determine l(-10).
4
Let b(w) = w**2 - 3*w - 12. Calculate b(6).
6
Let r(c) = c**3 - 14*c**2 + 14*c - 8. Determine r(13).
5
Let f(h) = h**3 - 25*h**2 + 66*h + 52. Determine f(22).
52
Let j(l) = -l**3 + 11*l**2 - 29*l + 95. Determine j(9).
-4
Let n(y) = y**3 - 15*y**2 + 12*y + 8. Give n(14).
-20
Let x(b) = 6*b**2 + 9*b + 27. Determine x(-5).
132
Let s(j) = -2*j**2 + 11*j + 8. Determine s(9).
-55
Let o(x) = x**2 + x - 1. What is o(-2)?
1
Let r(f) = f**3 - 10*f**2 - 26*f + 8. What is r(12)?
-16
Let y(k) = -k**3 + k**2 + 9*k + 7. Calculate y(-3).
16
Let p(z) = -2*z**2 + 56*z - 17. Calculate p(28).
-17
Let d(f) = -7*f + 9. Give d(7).
-40
Let p(f) = 3*f**3 + 3*f**2 - 2*f + 1. Determine p(-2).
-7
Let x(u) = u - 15. Calculate x(4).
-11
Let n(b) = -260*b + 256. What is n(1)?
-4
Let u(m) = -m**3 - 30*m**2 - 27*m + 62. Give u(-29).
4
Let m(d) = -2*d - 8. What is m(-7)?
6
Let x(l) = -2*l - 19. Determine x(-10).
1
Let x(u) = -3*u + 14. What is x(6)?
-4
Let h(c) = 4*c**2 - 11*c + 9. Calculate h(5).
54
Let z(r) = 3*r + 4. Give z(-1).
1
Let f(o) = 4*o**2 + 8*o + 14. Determine f(-2).
14
Let p(u) = 2*u - 32. Determine p(15).
-2
Let l(q) = -q**3 - 3*q**2 + 7*q + 7. Give l(-5).
22
Let u(m) = 2*m + 6. What is u(3)?
12
Let i(r) = r**3 + 2*r + 3. What is i(-1)?
0
Let d(o) = o**2 + 18*o - 192. Calculate d(8).
16
Let s(v) = v**3 - 16*v**2 + 45*v - 8. What is s(4)?
-20
Let l(s) = -2*s - 5. Give l(6).
-17
Let p(z) = z**3 + 15*z**2 + 14*z - 14. What is p(-14)?
-14
Let g(s) = -s**3 + 5*s**2 + 4*s + 4. Determine g(6).
-8
Let y(m) = -2*m**2 + 2*m. Calculate y(2).
-4
Let t(m) = -m**3 + 2*m**2 + 4*m - 1. Calculate t(3).
2
Let r(c) = c**2 + 28*c + 47. Determine r(-23).
-68
Let y(q) = -4*q**3 + 3*q**2 + 2*q - 2. Calculate y(-2).
38
Let f(i) = 36*i + 23. Give f(-3).
-85
Let k(h) = h - 4. What is k(2)?
-2
Let f(y) = 2*y**3 - y - 2. Give f(-1).
-3
Let 